{"id":20,"date":"2024-06-11T19:50:29","date_gmt":"2024-06-11T19:50:29","guid":{"rendered":"https:\/\/femusik.de\/?page_id=20"},"modified":"2025-07-25T08:48:27","modified_gmt":"2025-07-25T08:48:27","slug":"ueber-uns","status":"publish","type":"page","link":"https:\/\/femusik.de\/index.php\/ueber-uns\/","title":{"rendered":"\u00dcber uns"},"content":{"rendered":"<h1 class=\"western\"><span style=\"color: #000000;\"><span style=\"font-family: Eina01-Regular;\"><span style=\"font-size: x-large;\">FEM+ | Fachgruppe E-Musik im Deutschen Komponist-innenverband<\/span><\/span><\/span><\/h1>\n<h2 class=\"western\"><span style=\"color: #000000;\">\u00a0<\/span><\/h2>\n<h2 class=\"western\"><span style=\"color: #000000;\"><span style=\"font-family: Eina01-Regular;\">Fachgruppe f\u00fcr ernste, elektronische, experimentelle, zeitgen\u00f6ssische und Neue Musik, Jazz, Weltmusik u.v.m.<\/span><\/span><\/h2>\n<h3 class=\"western\"><span style=\"color: #000000;\">\u00a0<\/span><\/h3>\n<h3 class=\"western\"><span style=\"color: #000000;\"><span style=\"font-family: Eina01-Regular;\">Was macht die FEM?<\/span><\/span><\/h3>\n<p><span style=\"color: #000000;\">\u2022 <span style=\"font-family: Eina01-Regular;\">Gemeinsam f\u00fcr die Vielfalt der Musikrichtungen<br \/>\n\u2022 Wahrnehmung und Wertsch\u00e4tzung faszinierender Musikrichtungen<br \/>\n\u2022 Vertretung der E-Musik innerhalb der GEMA<br \/>\n\u2022 Einsatz f\u00fcr gerechte Verg\u00fctung und Schutz der Urheberrechte<br \/>\n\u2022 F\u00f6rderung und Anerkennung des kompositorischen Schaffens<br \/>\n\u2022 Aktive Rolle in der Kultur- und Bildungspolitik<br \/>\n\u2022 Internationaler Einsatz in der European Composer and Songwriter Alliance (ECSA)<br \/>\n\u2022 Beitrag zur Entwicklung der E-Musik auf europ\u00e4ischer Ebene<\/span><\/span><\/p>\n<h3 class=\"western\"><span style=\"color: #000000;\"><span style=\"font-family: Eina01-Regular;\">Werde Mitglied bei FEM<\/span><\/span><\/h3>\n<p><span style=\"color: #000000;\"><span style=\"font-family: Eina01-Regular;\">Wenn Sie von FEM vertreten werden m\u00f6chten und nicht mehr als Einzelk\u00e4mpfer:in agieren m\u00f6chten, sind Sie herzlich eingeladen, sich uns anzuschlie\u00dfen. Sind Sie bereits Mitglied im DKV? Dann schicken Sie uns eine kurze Nachricht.<\/span><\/span><\/p>\n<p><strong><span style=\"color: #000000;\"><span style=\"font-family: Eina01-Regular;\">Kontakt<\/span><\/span><\/strong><\/p>\n<p><span style=\"color: #000000;\"><span style=\"font-family: Eina01-Regular;\">FEM+ | Fachgruppe E-Musik<\/span><\/span><\/p>\n<p><span style=\"color: #000000;\"><span style=\"font-family: Eina01-Regular;\">c\/o Deutscher Komponist:innenverband e.V.<\/span><\/span><\/p>\n<p><span style=\"color: #000000;\"><span style=\"font-family: Eina01-Regular;\">Bayreuther Str. 37<\/span><\/span><\/p>\n<p><span style=\"color: #000000;\"><span style=\"font-family: Eina01-Regular;\">D-10787 Berlin<\/span><\/span><\/p>\n<p><span style=\"color: #000000;\"><span style=\"font-family: Eina01-Regular;\">Mail:\u00a0<a href=\"mailto:fem@komponist-innenverband.de\" target=\"_blank\" rel=\"noopener\">fem@komponist-innenverband.de<\/a><\/span><\/span><\/p>\n<p><span style=\"color: #000000;\"><span style=\"font-family: Eina01-Regular;\">Homepage: femusik.de<\/span><\/span><\/p>\n<p><span style=\"color: #000000;\"><span style=\"font-family: Eina01-Regular;\">Telefon: +49 (0)172 \u2013 58 43 608<\/span><\/span><\/p>\n<p>&nbsp;<\/p>\n","protected":false},"excerpt":{"rendered":"<p>FEM+ | Fachgruppe E-Musik im Deutschen Komponist-innenverband \u00a0 Fachgruppe f\u00fcr ernste, elektronische, experimentelle, zeitgen\u00f6ssische und Neue Musik, Jazz, Weltmusik u.v.m. \u00a0 Was macht die FEM? \u2022 Gemeinsam f\u00fcr die Vielfalt der Musikrichtungen \u2022 Wahrnehmung und Wertsch\u00e4tzung faszinierender Musikrichtungen \u2022 Vertretung der E-Musik innerhalb der GEMA \u2022 Einsatz f\u00fcr gerechte Verg\u00fctung und Schutz der Urheberrechte \u2022 [&hellip;]<\/p>\n","protected":false},"author":1,"featured_media":0,"parent":0,"menu_order":0,"comment_status":"closed","ping_status":"closed","template":"","meta":{"footnotes":""},"class_list":["post-20","page","type-page","status-publish","hentry"],"_links":{"self":[{"href":"https:\/\/femusik.de\/index.php\/wp-json\/wp\/v2\/pages\/20","targetHints":{"allow":["GET"]}}],"collection":[{"href":"https:\/\/femusik.de\/index.php\/wp-json\/wp\/v2\/pages"}],"about":[{"href":"https:\/\/femusik.de\/index.php\/wp-json\/wp\/v2\/types\/page"}],"author":[{"embeddable":true,"href":"https:\/\/femusik.de\/index.php\/wp-json\/wp\/v2\/users\/1"}],"replies":[{"embeddable":true,"href":"https:\/\/femusik.de\/index.php\/wp-json\/wp\/v2\/comments?post=20"}],"version-history":[{"count":7,"href":"https:\/\/femusik.de\/index.php\/wp-json\/wp\/v2\/pages\/20\/revisions"}],"predecessor-version":[{"id":105,"href":"https:\/\/femusik.de\/index.php\/wp-json\/wp\/v2\/pages\/20\/revisions\/105"}],"wp:attachment":[{"href":"https:\/\/femusik.de\/index.php\/wp-json\/wp\/v2\/media?parent=20"}],"curies":[{"name":"wp","href":"https:\/\/api.w.org\/{rel}","templated":true}]}}

Über uns

<h1 class="western"><span style="color: #000000;"><span style="font-family: Eina01-Regular;"><span style="font-size: x-large;">FEM+ | Fachgruppe E-Musik im Deutschen Komponist-innenverband</span></span></span></h1>
<h2 class="western"><span style="color: #000000;"> </span></h2>
<h2 class="western"><span style="color: #000000;"><span style="font-family: Eina01-Regular;">Fachgruppe für ernste, elektronische, experimentelle, zeitgenössische und Neue Musik, Jazz, Weltmusik u.v.m.</span></span></h2>
<h3 class="western"><span style="color: #000000;"> </span></h3>
<h3 class="western"><span style="color: #000000;"><span style="font-family: Eina01-Regular;">Was macht die FEM?</span></span></h3>
<p><span style="color: #000000;">• <span style="font-family: Eina01-Regular;">Gemeinsam für die Vielfalt der Musikrichtungen<br />
• Wahrnehmung und Wertschätzung faszinierender Musikrichtungen<br />
• Vertretung der E-Musik innerhalb der GEMA<br />
• Einsatz für gerechte Vergütung und Schutz der Urheberrechte<br />
• Förderung und Anerkennung des kompositorischen Schaffens<br />
• Aktive Rolle in der Kultur- und Bildungspolitik<br />
• Internationaler Einsatz in der European Composer and Songwriter Alliance (ECSA)<br />
• Beitrag zur Entwicklung der E-Musik auf europäischer Ebene</span></span></p>
<h3 class="western"><span style="color: #000000;"><span style="font-family: Eina01-Regular;">Werde Mitglied bei FEM</span></span></h3>
<p><span style="color: #000000;"><span style="font-family: Eina01-Regular;">Wenn Sie von FEM vertreten werden möchten und nicht mehr als Einzelkämpfer:in agieren möchten, sind Sie herzlich eingeladen, sich uns anzuschließen. Sind Sie bereits Mitglied im DKV? Dann schicken Sie uns eine kurze Nachricht.</span></span></p>
<p><strong><span style="color: #000000;"><span style="font-family: Eina01-Regular;">Kontakt</span></span></strong></p>
<p><span style="color: #000000;"><span style="font-family: Eina01-Regular;">FEM+ | Fachgruppe E-Musik</span></span></p>
<p><span style="color: #000000;"><span style="font-family: Eina01-Regular;">c/o Deutscher Komponist:innenverband e.V.</span></span></p>
<p><span style="color: #000000;"><span style="font-family: Eina01-Regular;">Bayreuther Str. 37</span></span></p>
<p><span style="color: #000000;"><span style="font-family: Eina01-Regular;">D-10787 Berlin</span></span></p>
<p><span style="color: #000000;"><span style="font-family: Eina01-Regular;">Mail: <a href="mailto:fem@komponist-innenverband.de" target="_blank" rel="noopener">fem@komponist-innenverband.de</a></span></span></p>
<p><span style="color: #000000;"><span style="font-family: Eina01-Regular;">Homepage: femusik.de</span></span></p>
<p><span style="color: #000000;"><span style="font-family: Eina01-Regular;">Telefon: +49 (0)172 – 58 43 608</span></span></p>
<p>&nbsp;</p>

<p>FEM+ | Fachgruppe E-Musik im Deutschen Komponist-innenverband   Fachgruppe für ernste, elektronische, experimentelle, zeitgenössische und Neue Musik, Jazz, Weltmusik u.v.m.   Was macht die FEM? • Gemeinsam für die Vielfalt der Musikrichtungen • Wahrnehmung und Wertschätzung faszinierender Musikrichtungen • Vertretung der E-Musik innerhalb der GEMA • Einsatz für gerechte Vergütung und Schutz der Urheberrechte • [&hellip;]</p>
