{"id":27,"date":"2024-06-11T20:01:43","date_gmt":"2024-06-11T20:01:43","guid":{"rendered":"https:\/\/femusik.de\/?page_id=27"},"modified":"2025-08-22T17:56:51","modified_gmt":"2025-08-22T17:56:51","slug":"leitungsteam","status":"publish","type":"page","link":"https:\/\/femusik.de\/index.php\/leitungsteam\/","title":{"rendered":"Leitungsteam"},"content":{"rendered":"<h1 class=\"western\"><span style=\"color: #000000;\"><span style=\"font-family: Eina01-Regular;\"><span style=\"font-size: x-large;\">Leitungsteam<\/span><\/span><\/span><\/h1>\n<p><span style=\"color: #000000;\">\u00a0<\/span><\/p>\n<h2 class=\"western\"><span style=\"color: #000000;\"><span style=\"font-family: Eina01-Regular;\"><span style=\"font-size: large;\">Vorsitz<\/span><\/span><\/span><\/h2>\n<p><span style=\"color: #000000;\"><span style=\"font-family: Eina01-Regular;\"><a href=\"http:\/\/www.johanneshildebrandt.de\/aktuelles.html\" target=\"_blank\" rel=\"noopener\">Johannes K. Hildebrandt<\/a>, Vorsitzender<\/span><\/span><\/p>\n<p><span style=\"color: #000000;\"><span style=\"font-family: Eina01-Regular;\"><a href=\"https:\/\/kathrindenner.de\/\" target=\"_blank\" rel=\"noopener\">Kathrin Denner<\/a>, stv. Vorsitzende<\/span><\/span><\/p>\n<p><span style=\"color: #000000;\"><span style=\"font-family: Eina01-Regular;\"><a href=\"https:\/\/strauchcomposer.de\/\" target=\"_blank\" rel=\"noopener\">Alexander Strauch<\/a>, stv. Vorsitzender<\/span><\/span><\/p>\n<h2 class=\"western\"><span style=\"color: #000000;\"><span style=\"font-family: Eina01-Regular;\"><span style=\"font-size: large;\">Weitere Mitglieder<\/span><\/span><\/span><\/h2>\n<p>Fabian Blum, Prof. Moritz Eggert, Hubert Hoche, Prof. Dr. Gordon Kampe, Hans L\u00fcdemann, Prof. Robert HP Platz, Agnes Ponizil, Clemens von Reusner, Annette Schl\u00fcnz, Dr. Charlotte Seither, Romeo Wecks<\/p>\n<h2 class=\"western\"><span style=\"color: #000000;\"><span style=\"font-family: Eina01-Regular;\"><span style=\"font-size: large;\">St\u00e4ndige (externe) G\u00e4ste<\/span><\/span><\/span><\/h2>\n<p>Ralf Hoyer, Prof. Franz Martin Olbrisch, Helmut Oehring, Univ.-Prof. Iris ter Schiphorst<\/p>\n<p>&nbsp;<\/p>\n","protected":false},"excerpt":{"rendered":"<p>Leitungsteam \u00a0 Vorsitz Johannes K. Hildebrandt, Vorsitzender Kathrin Denner, stv. Vorsitzende Alexander Strauch, stv. Vorsitzender Weitere Mitglieder Fabian Blum, Prof. Moritz Eggert, Hubert Hoche, Prof. Dr. Gordon Kampe, Hans L\u00fcdemann, Prof. Robert HP Platz, Agnes Ponizil, Clemens von Reusner, Annette Schl\u00fcnz, Dr. Charlotte Seither, Romeo Wecks St\u00e4ndige (externe) G\u00e4ste Ralf Hoyer, Prof. Franz Martin Olbrisch, [&hellip;]<\/p>\n","protected":false},"author":1,"featured_media":0,"parent":0,"menu_order":0,"comment_status":"closed","ping_status":"closed","template":"","meta":{"footnotes":""},"class_list":["post-27","page","type-page","status-publish","hentry"],"_links":{"self":[{"href":"https:\/\/femusik.de\/index.php\/wp-json\/wp\/v2\/pages\/27","targetHints":{"allow":["GET"]}}],"collection":[{"href":"https:\/\/femusik.de\/index.php\/wp-json\/wp\/v2\/pages"}],"about":[{"href":"https:\/\/femusik.de\/index.php\/wp-json\/wp\/v2\/types\/page"}],"author":[{"embeddable":true,"href":"https:\/\/femusik.de\/index.php\/wp-json\/wp\/v2\/users\/1"}],"replies":[{"embeddable":true,"href":"https:\/\/femusik.de\/index.php\/wp-json\/wp\/v2\/comments?post=27"}],"version-history":[{"count":6,"href":"https:\/\/femusik.de\/index.php\/wp-json\/wp\/v2\/pages\/27\/revisions"}],"predecessor-version":[{"id":119,"href":"https:\/\/femusik.de\/index.php\/wp-json\/wp\/v2\/pages\/27\/revisions\/119"}],"wp:attachment":[{"href":"https:\/\/femusik.de\/index.php\/wp-json\/wp\/v2\/media?parent=27"}],"curies":[{"name":"wp","href":"https:\/\/api.w.org\/{rel}","templated":true}]}}

<h1 class="western"><span style="color: #000000;"><span style="font-family: Eina01-Regular;"><span style="font-size: x-large;">Leitungsteam</span></span></span></h1>
<p><span style="color: #000000;"> </span></p>
<h2 class="western"><span style="color: #000000;"><span style="font-family: Eina01-Regular;"><span style="font-size: large;">Vorsitz</span></span></span></h2>
<p><span style="color: #000000;"><span style="font-family: Eina01-Regular;"><a href="http://www.johanneshildebrandt.de/aktuelles.html" target="_blank" rel="noopener">Johannes K. Hildebrandt</a>, Vorsitzender</span></span></p>
<p><span style="color: #000000;"><span style="font-family: Eina01-Regular;"><a href="https://kathrindenner.de/" target="_blank" rel="noopener">Kathrin Denner</a>, stv. Vorsitzende</span></span></p>
<p><span style="color: #000000;"><span style="font-family: Eina01-Regular;"><a href="https://strauchcomposer.de/" target="_blank" rel="noopener">Alexander Strauch</a>, stv. Vorsitzender</span></span></p>
<h2 class="western"><span style="color: #000000;"><span style="font-family: Eina01-Regular;"><span style="font-size: large;">Weitere Mitglieder</span></span></span></h2>
<p>Fabian Blum, Prof. Moritz Eggert, Hubert Hoche, Prof. Dr. Gordon Kampe, Hans Lüdemann, Prof. Robert HP Platz, Agnes Ponizil, Clemens von Reusner, Annette Schlünz, Dr. Charlotte Seither, Romeo Wecks</p>
<h2 class="western"><span style="color: #000000;"><span style="font-family: Eina01-Regular;"><span style="font-size: large;">Ständige (externe) Gäste</span></span></span></h2>
<p>Ralf Hoyer, Prof. Franz Martin Olbrisch, Helmut Oehring, Univ.-Prof. Iris ter Schiphorst</p>
<p>&nbsp;</p>

<p>Leitungsteam   Vorsitz Johannes K. Hildebrandt, Vorsitzender Kathrin Denner, stv. Vorsitzende Alexander Strauch, stv. Vorsitzender Weitere Mitglieder Fabian Blum, Prof. Moritz Eggert, Hubert Hoche, Prof. Dr. Gordon Kampe, Hans Lüdemann, Prof. Robert HP Platz, Agnes Ponizil, Clemens von Reusner, Annette Schlünz, Dr. Charlotte Seither, Romeo Wecks Ständige (externe) Gäste Ralf Hoyer, Prof. Franz Martin Olbrisch, [&hellip;]</p>
